
21
Let h = 469 + -347. Let d = h - -153. Calculate the greatest common factor of d and 55.
55
Let q(f) be the third derivative of 19*f**4/24 - 8*f**3 - 171*f**2. Let r be q(8). What is the greatest common divisor of r and 16?
8
Let w = -7141 + 7152. What is the greatest common factor of w and 12133?
11
Suppose -1872 = -24*v + 960. What is the highest common divisor of v and 1239?
59
Let q = -56 + 61. Suppose z = -2*f + 14, -5*z + q*f = -2*z - 42. Suppose 5*h - 15 - 55 = -5*i, 3*h = -i + z. What is the highest common factor of 140 and i?
14
Let x(c) = c + 19. Let f(p) = -4*p - 39. Let r(i) = -2*f(i) - 5*x(i). Let h be r(14). What is the highest common factor of h and 40?
5
Let d be 23/4 - (-4)/((-48)/9). Suppose 4*j = 5*y + 57, j + 5*y - 3 = d. What is the greatest common divisor of j and 26?
13
Let i(u) = 57 - 7*u + 0 + u**2 - 22*u. Let n be i(27). Calculate the highest common factor of n and 57.
3
Suppose -18 = 28*r - 34*r. Let c be 2/(r - -3) + (-476)/(-12). What is the highest common divisor of c and 1080?
40
Suppose -2592 = 418*i - 436*i. Calculate the greatest common divisor of i and 256.
16
Let a = -1370 + 1389. Calculate the greatest common divisor of 513 and a.
19
Let h be (-2284)/(-6)*(-8 - (-117)/18). Let p = -450 - h. Calculate the greatest common factor of 44 and p.
11
Suppose -3*h + 3*i + 24 = 0, -4*i - 6 = -2*i. Suppose 5*o - 71 = 9*y + 6, 5*y = h*o - 65. Suppose 5*v - 42 = 8. What is the greatest common factor of o and v?
10
Let x be (-1 + -3)*(-15)/(-10). Let c be (-15)/x*(-70)/(-25). Suppose s = -c + 45. What is the greatest common divisor of s and 19?
19
Let w be 925/3 - (152/24 - 8). Suppose -7*v = h - 5*v - 104, 3*h - w = -4*v. What is the highest common factor of h and 51?
51
Let c be -2 + 306/18 - -660. Calculate the highest common factor of c and 1215.
135
Let v be -16*(136/(-160) - (-2)/(-5)). Let m be ((-756)/30)/((-8)/v). Let x = m + 5. What is the greatest common divisor of 102 and x?
34
Let b = -241 - -351. Let y = 115 - b. Let m = 3 + -2. What is the greatest common divisor of m and y?
1
Suppose 3*d - 538 + 66 = -4*o, 5*o - 5 = 0. Suppose 4*z = -y + 6*y - d, 72 = 3*y + 3*z. Calculate the highest common divisor of y and 84.
28
Suppose -152*i = -151*i - 188. Let n = 222 - i. What is the highest common divisor of 85 and n?
17
Let h be 2301/118 - -5*(-1)/(-2). Suppose 3*p - 18*a + h*a - 37 = 0, 5*a = 20. Let o = 91 + -42. What is the highest common factor of o and p?
7
Suppose g = -d + 9, 5*d - 6*d - 3*g = -17. Suppose -d*y + 20 = 0, 82 = 5*c - 2*y + 5*y. Let h be -14*(1/2 + -2). What is the greatest common factor of c and h?
7
Suppose 1620*x - 1726*x = -2862. What is the highest common factor of x and 3033?
9
Suppose 48*s = 45*s + 195. Let g = s + 59. What is the highest common factor of g and 155?
31
Let y = 427 - 418. Suppose y*i = 632 + 1339. Calculate the highest common factor of 73 and i.
73
Let i(y) = 5*y**2 - 64*y + 262. Let o be i(15). What is the highest common divisor of o and 671?
61
Suppose 0*j - 4*j = -100. Suppose -10*u = -j*u + 2610. Suppose 2*r = 4*n + 132, -24 = -3*r + 5*n + u. Calculate the highest common divisor of r and 6.
6
Suppose 3*u + 33*x - 36*x = -12, -4*x = 7*u + 6. Let q(w) = 0 - 4 - 6*w - 2*w. Let r be q(u). Calculate the greatest common divisor of 12 and r.
12
Let p = -21875 - -21955. Suppose 0 = -4*n + 90 + 102. What is the highest common factor of p and n?
16
Suppose -3*i = 2*i - 5*u + 15, 20 = 5*i + 2*u. Let r be 70/(-30) - i/(-6). Let y be 0 - -2*(-13)/r. What is the greatest common factor of y and 13?
13
Suppose 15*s - 13*s - 756 = -19*s. What is the highest common divisor of s and 4338?
18
Suppose -3*t - 344*k = -342*k - 94, 0 = -17*t + 4*k + 502. Let f be (-200)/(-6)*(-3)/(-2). Calculate the greatest common factor of f and t.
10
Let q = -66 - -138. Let o = 8 + 1. Let f be (o - 0) + 9/(-9). What is the greatest common divisor of q and f?
8
Suppose -16*h = -3*h + 7*h - 2800. What is the greatest common factor of 5740 and h?
140
Let y = -103 + 71. Let i(h) = 4*h**2 - 277*h + 305. Let d be i(68). Let j = y - d. What is the highest common divisor of 27 and j?
3
Let d(v) be the first derivative of v**3 - 5*v**2 + 8*v - 7. Let a be d(6). Let q be 32/(-6)*(0 - 6/4). What is the highest common divisor of q and a?
8
Suppose 35*v = 46*v + 891. Let n be 125/(-20) + (-8)/(-32) - v. Calculate the highest common factor of 9 and n.
3
Let o = 109 - 3. Let b = o + -46. Suppose b = 9*g - 5*g. Calculate the greatest common divisor of 15 and g.
15
Let x = 144 + -77. Suppose -77 = -2*u + x. What is the highest common divisor of u and 24?
24
Let z = 7081 + -6301. What is the highest common factor of 6890 and z?
130
Let h be 3/(-7) - (12 - ((-85426)/(-77) - -5)). Calculate the greatest common factor of 1798 and h.
58
Let b(a) = 11*a**2 - 3*a - 3. Let d be b(-3). Let w(k) = 4*k**3 - 4*k**2 + 5. Let y be w(2). What is the highest common factor of y and d?
21
Suppose 795*q + 3888 = 796*q. Suppose -q = -6*m + 192. Calculate the greatest common factor of m and 40.
40
Let l(c) = -220*c - 9. Let j be l(1). Let a = -177 - j. What is the highest common divisor of 4 and a?
4
Let k(o) = 5*o**2 - 7*o - 12. Let r be k(-5). Let z = r + 73. What is the highest common factor of 17 and z?
17
Suppose 2*l + 4 = 30. Let a be 964*((-11)/77 - 22/(-56)). Let b = a + -124. Calculate the greatest common factor of l and b.
13
Suppose 11996*c - 11990*c - 168 = 0. What is the greatest common factor of 1876 and c?
28
Let s(w) = -26*w - 148. Let j be s(-8). Suppose 0 = 9*b - 4*b - 500. What is the greatest common divisor of b and j?
20
Let w be (6 + -1)*1 + 7 + 16. Suppose g = -5*a + 62, -6*g + g = -a + w. Calculate the greatest common factor of 299 and a.
13
Let t(g) = -g**2 + 40*g + 133. Let y be t(43). Let q be 31 + (3 - (y - 2)). Suppose -55 = -s - 7. What is the highest common factor of q and s?
16
Suppose -3*w = -2*w - 533. Suppose 2*h + 10 - 84 = 0. Suppose 5*z + h = 3*g - 258, 5*g + 2*z = w. What is the highest common divisor of g and 35?
35
Suppose 48 = 2*m + 2*m. Suppose -2*s = 5*v - 317, -4*s - 4*v = s - 784. What is the greatest common divisor of s and m?
12
Suppose 5*g - 4*r - 6226 = 0, -3*g = -3*r + r - 3736. Calculate the greatest common factor of 14 and g.
14
Suppose -4*t - t + 45 = 4*h, -5*h = -4*t - 5. Suppose -5 = -2*a + a. Suppose -10*i + a*i + 25 = 0. Calculate the highest common factor of i and h.
5
Let x be 4/(-6) - 270538/(-654). What is the greatest common divisor of 119 and x?
7
Let u be -5 + 1 - 3/(-2 + 1). Let i be -2 + ((-9)/(-27))/(u/(-15)). Suppose 5*n = i*n - 4, -n + 46 = 2*q. What is the highest common divisor of 60 and q?
12
Let q = 220 - 220. Suppose -2*i + 2*s + 226 = 0, q = -4*i + 7*s - 5*s + 442. Calculate the highest common divisor of 12 and i.
12
Suppose 4*o + 40 = -12*d + 17*d, 5*o = 5*d - 45. Suppose -2*w + d*s + 4 = 0, -1 - 9 = -2*s. What is the greatest common divisor of 330 and w?
6
Let q be -5 + 284/8 + (-4)/8. What is the highest common divisor of q and 5970?
30
Suppose 2*c + 8 - 316 = 0. Suppose -211*x + 215*x - 358 = -9*d, -3*d - 4*x + 106 = 0. Calculate the greatest common factor of d and c.
14
Let o be 3/((-24)/(-280)) - 2*1. Let m = o - 35. Let h be (-360)/(-170) + m/17. Calculate the greatest common factor of 18 and h.
2
Let g be 8/((36/2016)/(4/8)). Calculate the highest common divisor of g and 77.
7
Let x(v) = -9*v. Let w be x(-4). Let p(o) = -2*o - 34. Let m be p(-12). Let t be (-96)/(-9) + m + (-104)/(-6). What is the highest common factor of w and t?
18
Suppose 0 = -46*s + 23167 + 28353. What is the greatest common factor of s and 490?
70
Let u = 34 - -2215. What is the greatest common divisor of 13 and u?
13
Suppose -u = 3*u + 3*w - 18, -2*u = 3*w - 12. Let q = -11 - -18. Suppose -q*y + 20 = -u*y. What is the highest common factor of y and 15?
5
Let c(z) = z**3 + 106*z**2 - 331*z - 428. Let f be c(-109). What is the greatest common divisor of 368 and f?
8
Suppose -50*q + 80810 + 13221 = 11081. What is the greatest common factor of 21 and q?
21
Suppose -4*c - 27 = 3*s, -9*s + 8*s - 2 = -c. Let u be 24565/45 - s/45. What is the highest common divisor of u and 26?
26
Let v = -21 - 95. Let j be (-108)/(-144)*v/(-3). Suppose 3*s - 3 = 0, -2*p + s = -4*p + 59. Calculate the hi